{"id":756,"date":"2022-12-29T11:27:05","date_gmt":"2022-12-29T10:27:05","guid":{"rendered":"https:\/\/encyklopedia.mielec.pl\/?page_id=756"},"modified":"2025-02-12T10:09:17","modified_gmt":"2025-02-12T09:09:17","slug":"autor","status":"publish","type":"page","link":"https:\/\/encyklopedia.mielec.pl\/?page_id=756","title":{"rendered":""},"content":{"rendered":"<h1><strong>Autor \u2013 J\u00f3zef <\/strong><strong>Witek <\/strong><\/h1>\n<h4>Urodzony 19 III 1947 r. w Mielcu, syn Tadeusza i Janiny z Kukulskich.<\/h4>\n<p>Uko\u0144czy\u0142: Szko\u0142\u0119 Podstawow\u0105 nr 1 w Mielcu, Liceum Pedagogiczne w Mielcu z matur\u0105 w 1966 r., Studium Nauczycielskie w Kro\u015bnie (kierunek \u2013 wychowanie muzyczne) w 1969 r., kurs choreograficzny II stopnia w Rzeszowie w 1971 r., studia magisterskie z zakresu pedagogiki kulturalno-o\u015bwiatowej na Uniwersytecie Jagiello\u0144skim w Krakowie w 1978 r. i szereg kurs\u00f3w specjalistycznych.<\/p>\n<p>Prac\u0119 zawodow\u0105 rozpocz\u0105\u0142 jako nauczyciel w Szkole Podstawowej w Rzemieniu (1966-1971). Kolejnymi miejscami pracy by\u0142y: Powiatowa Poradnia Kulturalno-O\u015bwiatowa w Mielcu (dyrektor, 1971-1975), Osiedlowy Dom Kultury Mieleckiej Sp\u00f3\u0142dzielni Mieszkaniowej w Mielcu (kierownik, 1975-1979), Urz\u0105d Miejski w Mielcu Wydzia\u0142 Kultury, Kultury Fizycznej i Turystyki (kierownik, 1979-1990), Szko\u0142a Podstawowa nr 9 im. W\u0142adys\u0142awa Jasi\u0144skiego \u201eJ\u0119drusia\u201d (nauczyciel, 1990-1992), Urz\u0105d Miejski w Mielcu (dyrektor ds. kultury, kultury fizycznej i turystyki, 1992-1997 oraz kierownik Biura Promocji i Informacji, 1998-2012). Ponadto \u2013 w niepe\u0142nym wymiarze godzin \u2013 by\u0142 nauczycielem wychowania muzycznego w II Liceum Og\u00f3lnokszta\u0142c\u0105cym im. Miko\u0142aja Kopernika w Mielcu i kilku szko\u0142ach podstawowych (lata 70. i 80.)<\/p>\n<p>W latach 1966-2000 prowadzi\u0142 zespo\u0142y muzyczne i taneczne, dla kt\u00f3rych tworzy\u0142 i opracowywa\u0142 repertuar (muzyka i teksty, uk\u0142ady choreograficzne). Wsp\u00f3\u0142autor scenariuszy i wsp\u00f3\u0142organizator miejskich uroczysto\u015bci z okazji \u015bwi\u0105t i rocznic pa\u0144stwowych i lokalnych w Mielcu (1992-2012). W latach 80. i 90. doprowadzi\u0142 do pozyskania dla kultury m.in.: \u201eJadern\u00f3wki\u201d, \u201e\u0141ojczyk\u00f3wki\u201d, Domu Ludowego w Wojs\u0142awiu, Pa\u0142acyku Oborskich oraz bibliotek na osiedlu Lotnik\u00f3w i W. Szafera. Jeden z animator\u00f3w i organizator\u00f3w \u201eDni Mielca\u201d i \u201eDni M\u0142odo\u015bci\u201d (1987-1990, 1992-1997), \u201e\u015awiatowego Zjazdu Mielczan\u201d (2000), \u201ePrzeciwko przeci\u0119tno\u015bci\u201d i \u201eM\u0142odzi nieprzeci\u0119tni\u201d oraz konkursu literackiego \u201eLegenda o Mielcu\u201d, osiedlowych festyn\u00f3w kulturalno-rekreacyjnych i imprez plenerowych promuj\u0105cych Mielec, w tym: \u201eLata z Radiem\u201d, \u201eRadia Biwak\u201d i festyn\u00f3w lotniczych.<\/p>\n<p>Organizator i przewodnik wycieczek autokarowych i pieszych po terenie Mielca. Inicjator, prowadz\u0105cy i akompaniator \u201e\u015apiewanek patriotycznych\u201d w przeddzie\u0144 Narodowego \u015awi\u0119ta Niepodleg\u0142o\u015bci. Z okazji 100-lecia odzyskania niepodleg\u0142o\u015bci przez Polsk\u0119 opracowa\u0142 \u015bpiewnik \u201e\u015apiewajmy o Polsce\u201d, zawieraj\u0105cy 100 pie\u015bni i piosenek patriotycznych. Cz\u0142onek stowarzysze\u0144 regionalnych, m.in. ch\u00f3ru m\u0119skiego \u201eMelodia\u201d (lata 60. i 70.), Towarzystwa Mi\u0142o\u015bnik\u00f3w Ziemi Mieleckiej (prezes w latach 1990-1993) i Mieleckiego Towarzystwa Muzycznego. Autor ksi\u0105\u017cek dotycz\u0105cych historii Mielca i ziemi mieleckiej. Najwa\u017cniejsze to: \u201eEncyklopedia miasta Mielca\u201d, tom 1 (Mielec 2004), tom 2 (Mielec 2008), tom 3 (Mielec 2009), tom 4 (Mielec 2014) i tom 5 (Mielec 2022) oraz wersja elektroniczna ca\u0142o\u015bci (Mielec 2016); Z\u0142oty Jubileusz Miejskiego Zarz\u0105du Budynk\u00f3w Mieszkalnych w Mielcu (Mielec 2007), 70 lat Klubu Sportowego Stal Mielec (Mielec 2009), 100 lat Mieleckiego Klubu Sportowego Gryf Mielec (Mielec 2010), 50 lat Miejskiej Komunikacji Samochodowej w Mielcu (Mielec 2011), Historia Mielca dla dzieci (Mielec 2013), 70 lat Klubu Sportowego Stal Mielec. Suplement 2009-2014 (Mielec 2014), Z\u0142oty Jubileusz dzia\u0142alno\u015bci Sp\u00f3\u0142dzielni Rzemie\u015blniczej Wielobran\u017cowej w Mielcu 1964-2014 (Mielec 2014), Parafia Ducha \u015awi\u0119tego Mielecki Wieczernik (Mielec 2014), 70 lat Izby Rzemie\u015blniczej w Rzeszowie (Rzesz\u00f3w 2015), 90 lat Ochotniczej Stra\u017cy Po\u017carnej w Rzemieniu (Rzemie\u0144 2016, wyr\u00f3\u017cnienie w og\u00f3lnopolskim XII Konkursie na prace popularnonaukowe i badawcze dotycz\u0105ce historii po\u017carnictwa w 2017 r.), Miejski Zarz\u0105d Budynk\u00f3w Mieszkalnych w Mielcu Sp. z o.o. w latach 2007-2017 (Mielec 2017), 150 lat Ochotniczych Stra\u017cy Po\u017carnych w powiecie mieleckim (1868-2018) (Mielec 2018, I miejsce w og\u00f3lnopolskim XII Konkursie na prace popularnonaukowe i badawcze dotycz\u0105ce historii po\u017carnictwa w 2018 r.),Historia Mielca dla dzieci \u2013 cz. II (Mielec 2019), D\u0105browscy i Andrex (Brzy\u015bcie 2020), 30 lat odrodzonego Samorz\u0105du Terytorialnego w Mielcu (1990-2020) (Mielec 2020), Gmina Mielec (Mielec 2020), 75 lat zawodowego po\u017carnictwa na ziemi mieleckiej 1946-2021 (Mielec 2021). Pracuje nad o\u015bmiotomow\u0105 Kronik\u0105 miasta Mielca 1867-2021.<\/p>\n<p>Prowadzi stron\u0119 internetow\u0105: www.encyklopedia.mielec.pl. Wsp\u00f3\u0142autor ksi\u0105\u017cek: Powszechna Sp\u00f3\u0142dzielnia Spo\u017cywc\u00f3w \u201eSpo\u0142em\u201d w Mielcu 1909-1989 (Mielec 1990), Gmina Padew Narodowa (Padew Narodowa 2000), Ksi\u0119ga Jubileuszowa 100. rocznicy powstania Gimnazjum i Liceum w Mielcu (Mielec 2005), Mielec wczoraj i dzi\u015b, trzy wydania (Mielec 2006, 2007, 2010), Ziemia mielecka (Mielec 2006, 2009), 70 lat mieleckiego szpitalnictwa (Mielec 2009), Poczet w\u0142adc\u00f3w Polski pod\u0142ug Jana Matejki (Warszawa 2012), 100-lecie Gmachu Szko\u0142y 45-lecie Technikum Elektrycznego (Mielec 2012), Ksi\u0119ga Jubileuszowa 50-lecia Towarzystwa Mi\u0142o\u015bnik\u00f3w Ziemi Mieleckiej im. W\u0142adys\u0142awa Szafera w Mielcu 1964-2014 (Mielec 2014). Autor kilkuset artyku\u0142\u00f3w na temat historii Mielca i ziemi mieleckiej do wyda\u0144 zbiorowych oraz czasopism i gazet, m.in. artyku\u0142\u00f3w w II i III tomie Mielec oraz wielu rymowanek satyrycznych na r\u00f3\u017cne okazje.<\/p>\n<p>Studia i materia\u0142y z dziej\u00f3w miasta i regionu (Mielec 1988 i 1994), \u201eRocznik Mielecki\u201d, \u201eMieleckie Zapiski\u201d, \u201eG\u0142os Za\u0142ogi\u201d i Tygodnik Regionalny \u201eKorso\u201d. Autor i wsp\u00f3\u0142autor materia\u0142\u00f3w promuj\u0105cych Mielec wsp\u00f3\u0142czesny, m.in. album\u00f3w, informator\u00f3w, plan\u00f3w miasta i wydawnictw okoliczno\u015bciowych oraz film\u00f3w video i CD. \u201eMielczanin Roku 2004\u201d wybrany w 2005 r. przez czytelnik\u00f3w Tygodnika Regionalnego \u201eKorso\u201d i Kapitu\u0142\u0119 Plebiscytu. Przewodnicz\u0105cy Rady Nadzorczej Agencji Rozwoju Regionalnego MARR SA w Mielcu (2000-2006), przewodnicz\u0105cy Rady Nadzorczej Fundacji Mi\u0119dzynarodowe Centrum Kszta\u0142cenia i Rozwoju Gospodarczego (2000-2013), cz\u0142onek Rady Parafialnej Parafii Ducha \u015awi\u0119tego w Mielcu (pi\u0105ta kadencja), cz\u0142onek Rady Programowej Mieleckiego Uniwersytetu Trzeciego Wieku, radny Rady Miejskiej w Mielcu (kadencja 2014-2018).<\/p>\n<p>Wyr\u00f3\u017cniony m.in.: Z\u0142otym i Srebrnym Krzy\u017cem Zas\u0142ugi, Odznak\u0105 Honorow\u0105 \u201eZas\u0142u\u017cony dla Kultury Polskiej\u201d, Medalem im. dr. Henryka Jordana, Z\u0142otym Medalem \u201eZa Zas\u0142ugi dla Po\u017carnictwa\u201d, Medalem Honorowym im. Boles\u0142awa Chomicza, Srebrnym Medalem \u201eZa Zas\u0142ugi dla Ligi Obrony Kraju\u201d, Odznak\u0105 \u201eZa Zas\u0142ugi dla Zwi\u0105zku Kombatant\u00f3w RP i By\u0142ych Wi\u0119\u017ani\u00f3w Politycznych\u201d, Srebrn\u0105 Odznak\u0105 Honorow\u0105 Zwi\u0105zku Inwalid\u00f3w Wojennych RP, Z\u0142ot\u0105 Odznak\u0105 Zwi\u0105zku \u017bo\u0142nierzy G\u00f3rnik\u00f3w Represjonowanych, Odznak\u0105 \u201eZas\u0142u\u017cony Dzia\u0142acz Kultury\u201d, Odznak\u0105 Honorow\u0105 Z\u0142ot\u0105 Polskiego Zwi\u0105zku Ch\u00f3r\u00f3w i Orkiestr, Z\u0142ot\u0105 Odznak\u0105 \u201eZa Opiek\u0119 nad Zabytkami\u201d, Br\u0105zow\u0105 Odznak\u0105 \u201eZas\u0142u\u017cony dla Ochrony Przeciwpo\u017carowej\u201d, Honorow\u0105 Odznak\u0105 Przyjaci\u00f3\u0142 Harcerstwa, Z\u0142ot\u0105 Jubileuszow\u0105 Odznak\u0105 FKS \u201ePZL-Stal\u201d Mielec, Medalem \u201eZas\u0142u\u017cony dla \u0141owiectwa Rzeszowszczyzny\u201d, Honorow\u0105 Nagrod\u0105 \u201eAlbertusa\u201d, tytu\u0142em \u201eHonorowy Najaktywniejszy Senior Mielca\u201d (2018), Piecz\u0119ci\u0105 Zas\u0142ug Obywatelskich Sigillum Meriti Civilis TMZM (2021) i Z\u0142ot\u0105 Odznak\u0105 Towarzystwa Gimnastycznego &#8222;Sok\u00f3\u0142&#8221; w Mielcu.<\/p>\n<p>&nbsp;<\/p>\n","protected":false},"excerpt":{"rendered":"<p>Autor \u2013 J\u00f3zef Witek Urodzony 19 III 1947 r. w Mielcu, syn Tadeusza i Janiny z Kukulskich. Uko\u0144czy\u0142: Szko\u0142\u0119 Podstawow\u0105 nr 1 w Mielcu, Liceum Pedagogiczne w Mielcu z matur\u0105 w 1966 r., Studium Nauczycielskie w Kro\u015bnie (kierunek \u2013 wychowanie muzyczne) w 1969 r., kurs choreograficzny II stopnia w Rzeszowie w 1971 r., studia magisterskie [&hellip;]<\/p>\n","protected":false},"author":1,"featured_media":766,"parent":0,"menu_order":0,"comment_status":"closed","ping_status":"closed","template":"","meta":{"footnotes":""},"class_list":["post-756","page","type-page","status-publish","has-post-thumbnail","hentry"],"_links":{"self":[{"href":"https:\/\/encyklopedia.mielec.pl\/index.php?rest_route=\/wp\/v2\/pages\/756","targetHints":{"allow":["GET"]}}],"collection":[{"href":"https:\/\/encyklopedia.mielec.pl\/index.php?rest_route=\/wp\/v2\/pages"}],"about":[{"href":"https:\/\/encyklopedia.mielec.pl\/index.php?rest_route=\/wp\/v2\/types\/page"}],"author":[{"embeddable":true,"href":"https:\/\/encyklopedia.mielec.pl\/index.php?rest_route=\/wp\/v2\/users\/1"}],"replies":[{"embeddable":true,"href":"https:\/\/encyklopedia.mielec.pl\/index.php?rest_route=%2Fwp%2Fv2%2Fcomments&post=756"}],"version-history":[{"count":0,"href":"https:\/\/encyklopedia.mielec.pl\/index.php?rest_route=\/wp\/v2\/pages\/756\/revisions"}],"wp:featuredmedia":[{"embeddable":true,"href":"https:\/\/encyklopedia.mielec.pl\/index.php?rest_route=\/wp\/v2\/media\/766"}],"wp:attachment":[{"href":"https:\/\/encyklopedia.mielec.pl\/index.php?rest_route=%2Fwp%2Fv2%2Fmedia&parent=756"}],"curies":[{"name":"wp","href":"https:\/\/api.w.org\/{rel}","templated":true}]}}

<h1><strong>Autor – Józef </strong><strong>Witek </strong></h1>
<h4>Urodzony 19 III 1947 r. w Mielcu, syn Tadeusza i Janiny z Kukulskich.</h4>
<p>Ukończył: Szkołę Podstawową nr 1 w Mielcu, Liceum Pedagogiczne w Mielcu z maturą w 1966 r., Studium Nauczycielskie w Krośnie (kierunek – wychowanie muzyczne) w 1969 r., kurs choreograficzny II stopnia w Rzeszowie w 1971 r., studia magisterskie z zakresu pedagogiki kulturalno-oświatowej na Uniwersytecie Jagiellońskim w Krakowie w 1978 r. i szereg kursów specjalistycznych.</p>
<p>Pracę zawodową rozpoczął jako nauczyciel w Szkole Podstawowej w Rzemieniu (1966-1971). Kolejnymi miejscami pracy były: Powiatowa Poradnia Kulturalno-Oświatowa w Mielcu (dyrektor, 1971-1975), Osiedlowy Dom Kultury Mieleckiej Spółdzielni Mieszkaniowej w Mielcu (kierownik, 1975-1979), Urząd Miejski w Mielcu Wydział Kultury, Kultury Fizycznej i Turystyki (kierownik, 1979-1990), Szkoła Podstawowa nr 9 im. Władysława Jasińskiego „Jędrusia” (nauczyciel, 1990-1992), Urząd Miejski w Mielcu (dyrektor ds. kultury, kultury fizycznej i turystyki, 1992-1997 oraz kierownik Biura Promocji i Informacji, 1998-2012). Ponadto – w niepełnym wymiarze godzin – był nauczycielem wychowania muzycznego w II Liceum Ogólnokształcącym im. Mikołaja Kopernika w Mielcu i kilku szkołach podstawowych (lata 70. i 80.)</p>
<p>W latach 1966-2000 prowadził zespoły muzyczne i taneczne, dla których tworzył i opracowywał repertuar (muzyka i teksty, układy choreograficzne). Współautor scenariuszy i współorganizator miejskich uroczystości z okazji świąt i rocznic państwowych i lokalnych w Mielcu (1992-2012). W latach 80. i 90. doprowadził do pozyskania dla kultury m.in.: „Jadernówki”, „Łojczykówki”, Domu Ludowego w Wojsławiu, Pałacyku Oborskich oraz bibliotek na osiedlu Lotników i W. Szafera. Jeden z animatorów i organizatorów „Dni Mielca” i „Dni Młodości” (1987-1990, 1992-1997), „Światowego Zjazdu Mielczan” (2000), „Przeciwko przeciętności” i „Młodzi nieprzeciętni” oraz konkursu literackiego „Legenda o Mielcu”, osiedlowych festynów kulturalno-rekreacyjnych i imprez plenerowych promujących Mielec, w tym: „Lata z Radiem”, „Radia Biwak” i festynów lotniczych.</p>
<p>Organizator i przewodnik wycieczek autokarowych i pieszych po terenie Mielca. Inicjator, prowadzący i akompaniator „Śpiewanek patriotycznych” w przeddzień Narodowego Święta Niepodległości. Z okazji 100-lecia odzyskania niepodległości przez Polskę opracował śpiewnik „Śpiewajmy o Polsce”, zawierający 100 pieśni i piosenek patriotycznych. Członek stowarzyszeń regionalnych, m.in. chóru męskiego „Melodia” (lata 60. i 70.), Towarzystwa Miłośników Ziemi Mieleckiej (prezes w latach 1990-1993) i Mieleckiego Towarzystwa Muzycznego. Autor książek dotyczących historii Mielca i ziemi mieleckiej. Najważniejsze to: „Encyklopedia miasta Mielca”, tom 1 (Mielec 2004), tom 2 (Mielec 2008), tom 3 (Mielec 2009), tom 4 (Mielec 2014) i tom 5 (Mielec 2022) oraz wersja elektroniczna całości (Mielec 2016); Złoty Jubileusz Miejskiego Zarządu Budynków Mieszkalnych w Mielcu (Mielec 2007), 70 lat Klubu Sportowego Stal Mielec (Mielec 2009), 100 lat Mieleckiego Klubu Sportowego Gryf Mielec (Mielec 2010), 50 lat Miejskiej Komunikacji Samochodowej w Mielcu (Mielec 2011), Historia Mielca dla dzieci (Mielec 2013), 70 lat Klubu Sportowego Stal Mielec. Suplement 2009-2014 (Mielec 2014), Złoty Jubileusz działalności Spółdzielni Rzemieślniczej Wielobranżowej w Mielcu 1964-2014 (Mielec 2014), Parafia Ducha Świętego Mielecki Wieczernik (Mielec 2014), 70 lat Izby Rzemieślniczej w Rzeszowie (Rzeszów 2015), 90 lat Ochotniczej Straży Pożarnej w Rzemieniu (Rzemień 2016, wyróżnienie w ogólnopolskim XII Konkursie na prace popularnonaukowe i badawcze dotyczące historii pożarnictwa w 2017 r.), Miejski Zarząd Budynków Mieszkalnych w Mielcu Sp. z o.o. w latach 2007-2017 (Mielec 2017), 150 lat Ochotniczych Straży Pożarnych w powiecie mieleckim (1868-2018) (Mielec 2018, I miejsce w ogólnopolskim XII Konkursie na prace popularnonaukowe i badawcze dotyczące historii pożarnictwa w 2018 r.),Historia Mielca dla dzieci – cz. II (Mielec 2019), Dąbrowscy i Andrex (Brzyście 2020), 30 lat odrodzonego Samorządu Terytorialnego w Mielcu (1990-2020) (Mielec 2020), Gmina Mielec (Mielec 2020), 75 lat zawodowego pożarnictwa na ziemi mieleckiej 1946-2021 (Mielec 2021). Pracuje nad ośmiotomową Kroniką miasta Mielca 1867-2021.</p>
<p>Prowadzi stronę internetową: www.encyklopedia.mielec.pl. Współautor książek: Powszechna Spółdzielnia Spożywców „Społem” w Mielcu 1909-1989 (Mielec 1990), Gmina Padew Narodowa (Padew Narodowa 2000), Księga Jubileuszowa 100. rocznicy powstania Gimnazjum i Liceum w Mielcu (Mielec 2005), Mielec wczoraj i dziś, trzy wydania (Mielec 2006, 2007, 2010), Ziemia mielecka (Mielec 2006, 2009), 70 lat mieleckiego szpitalnictwa (Mielec 2009), Poczet władców Polski podług Jana Matejki (Warszawa 2012), 100-lecie Gmachu Szkoły 45-lecie Technikum Elektrycznego (Mielec 2012), Księga Jubileuszowa 50-lecia Towarzystwa Miłośników Ziemi Mieleckiej im. Władysława Szafera w Mielcu 1964-2014 (Mielec 2014). Autor kilkuset artykułów na temat historii Mielca i ziemi mieleckiej do wydań zbiorowych oraz czasopism i gazet, m.in. artykułów w II i III tomie Mielec oraz wielu rymowanek satyrycznych na różne okazje.</p>
<p>Studia i materiały z dziejów miasta i regionu (Mielec 1988 i 1994), „Rocznik Mielecki”, „Mieleckie Zapiski”, „Głos Załogi” i Tygodnik Regionalny „Korso”. Autor i współautor materiałów promujących Mielec współczesny, m.in. albumów, informatorów, planów miasta i wydawnictw okolicznościowych oraz filmów video i CD. „Mielczanin Roku 2004” wybrany w 2005 r. przez czytelników Tygodnika Regionalnego „Korso” i Kapitułę Plebiscytu. Przewodniczący Rady Nadzorczej Agencji Rozwoju Regionalnego MARR SA w Mielcu (2000-2006), przewodniczący Rady Nadzorczej Fundacji Międzynarodowe Centrum Kształcenia i Rozwoju Gospodarczego (2000-2013), członek Rady Parafialnej Parafii Ducha Świętego w Mielcu (piąta kadencja), członek Rady Programowej Mieleckiego Uniwersytetu Trzeciego Wieku, radny Rady Miejskiej w Mielcu (kadencja 2014-2018).</p>
<p>Wyróżniony m.in.: Złotym i Srebrnym Krzyżem Zasługi, Odznaką Honorową „Zasłużony dla Kultury Polskiej”, Medalem im. dr. Henryka Jordana, Złotym Medalem „Za Zasługi dla Pożarnictwa”, Medalem Honorowym im. Bolesława Chomicza, Srebrnym Medalem „Za Zasługi dla Ligi Obrony Kraju”, Odznaką „Za Zasługi dla Związku Kombatantów RP i Byłych Więźniów Politycznych”, Srebrną Odznaką Honorową Związku Inwalidów Wojennych RP, Złotą Odznaką Związku Żołnierzy Górników Represjonowanych, Odznaką „Zasłużony Działacz Kultury”, Odznaką Honorową Złotą Polskiego Związku Chórów i Orkiestr, Złotą Odznaką „Za Opiekę nad Zabytkami”, Brązową Odznaką „Zasłużony dla Ochrony Przeciwpożarowej”, Honorową Odznaką Przyjaciół Harcerstwa, Złotą Jubileuszową Odznaką FKS „PZL-Stal” Mielec, Medalem „Zasłużony dla Łowiectwa Rzeszowszczyzny”, Honorową Nagrodą „Albertusa”, tytułem „Honorowy Najaktywniejszy Senior Mielca” (2018), Pieczęcią Zasług Obywatelskich Sigillum Meriti Civilis TMZM (2021) i Złotą Odznaką Towarzystwa Gimnastycznego &#8222;Sokół&#8221; w Mielcu.</p>
<p>&nbsp;</p>

<p>Autor – Józef Witek Urodzony 19 III 1947 r. w Mielcu, syn Tadeusza i Janiny z Kukulskich. Ukończył: Szkołę Podstawową nr 1 w Mielcu, Liceum Pedagogiczne w Mielcu z maturą w 1966 r., Studium Nauczycielskie w Krośnie (kierunek – wychowanie muzyczne) w 1969 r., kurs choreograficzny II stopnia w Rzeszowie w 1971 r., studia magisterskie [&hellip;]</p>
